
{"id":7774,"date":"2023-06-05T14:54:46","date_gmt":"2023-06-05T12:54:46","guid":{"rendered":"https:\/\/misterfap.fr\/paris\/?page_id=7774"},"modified":"2023-06-05T14:58:06","modified_gmt":"2023-06-05T12:58:06","slug":"cookies-confidentialite","status":"publish","type":"page","link":"https:\/\/misterfap.fr\/paris\/cookies-confidentialite\/","title":{"rendered":"Cookies et confidentialit\u00e9"},"content":{"rendered":"\t\t<div data-elementor-type=\"wp-page\" data-elementor-id=\"7774\" class=\"elementor elementor-7774\" data-elementor-post-type=\"page\">\n\t\t\t\t\t\t<section class=\"elementor-section elementor-top-section elementor-element elementor-element-cdfcf4a elementor-section-boxed elementor-section-height-default elementor-section-height-default\" data-id=\"cdfcf4a\" data-element_type=\"section\" data-e-type=\"section\">\r\n\t\t\t\t\t\t<div class=\"elementor-container elementor-column-gap-thegem\"><div class=\"elementor-row\">\r\n\t\t\t\t\t<div class=\"elementor-column elementor-col-100 elementor-top-column elementor-element elementor-element-4668b1c\" data-id=\"4668b1c\" data-element_type=\"column\" data-e-type=\"column\">\n\t\t\t<div class=\"elementor-widget-wrap elementor-element-populated\">\n\t\t\t\t\t\t<div class=\"elementor-element elementor-element-153a353 flex-horizontal-align-default flex-horizontal-align-tablet-default flex-horizontal-align-mobile-default flex-vertical-align-default flex-vertical-align-tablet-default flex-vertical-align-mobile-default elementor-widget elementor-widget-text-editor\" data-id=\"153a353\" data-element_type=\"widget\" data-e-type=\"widget\" data-widget_type=\"text-editor.default\">\n\t\t\t\t<div class=\"elementor-widget-container\">\n\t\t\t\t\t\t\t\t\t\t\t\t<div class=\"elementor-text-editor elementor-clearfix\">\r\n\t\t\t\t\t\t<div>\n\n<strong>POLITIQUE DE CONFIDENTIALIT\u00c9 ET COOKIES<\/strong>\n\n<strong>www.misterfap.fr\/paris\/<\/strong>\nRS PERFORMANCE\n\nType de site\u00a0: e-commerce\n\n<\/div>\n<div>\n\n<strong><u>Le but de cette politique de confidentialit\u00e9<\/u><\/strong>\n\nLe but de cette politique de confidentialit\u00e9 est d&rsquo;informer les utilisateurs de notre site des donn\u00e9es personnelles que nous recueillerons ainsi que les informations suivantes, le cas \u00e9ch\u00e9ant :\n<ol start=\"1\">\n \t<li value=\"1\">Les donn\u00e9es personnelles que nous recueillerons<\/li>\n \t<li value=\"2\">L\u2019utilisation des donn\u00e9es recueillies<\/li>\n \t<li value=\"3\">Qui a acc\u00e8s aux donn\u00e9es recueillies<\/li>\n \t<li value=\"4\">Les droits des utilisateurs du site<\/li>\n \t<li value=\"5\">La politique de cookies du site<\/li>\n<\/ol>\nCette politique de confidentialit\u00e9 fonctionne parall\u00e8lement aux conditions g\u00e9n\u00e9rales d\u2019utilisation de notre site.\n\n<\/div>\n<div>\n\n<strong><u>Lois applicables<\/u><\/strong>\n\nConform\u00e9ment au\u00a0<em>R\u00e8glement g\u00e9n\u00e9ral sur la protection des donn\u00e9es<\/em>\u00a0(RGPD), cette politique de confidentialit\u00e9 est conforme aux r\u00e8glements suivants.\n\nLes donn\u00e9es \u00e0 caract\u00e8re personnel doivent \u00eatre :\n<ol start=\"1\">\n \t<li value=\"1\">trait\u00e9es de mani\u00e8re licite, loyale et transparente au regard de la personne concern\u00e9e (lic\u00e9it\u00e9, loyaut\u00e9, transparence) ;<\/li>\n \t<li value=\"2\">collect\u00e9es pour des finalit\u00e9s d\u00e9termin\u00e9es, explicites et l\u00e9gitimes, et ne pas \u00eatre trait\u00e9es ult\u00e9rieurement d&rsquo;une mani\u00e8re incompatible avec ces finalit\u00e9s; le traitement ult\u00e9rieur \u00e0 des fins archivistiques dans l&rsquo;int\u00e9r\u00eat public, \u00e0 des fins de recherche scientifique ou historique ou \u00e0 des fins statistiques n&rsquo;est pas consid\u00e9r\u00e9, conform\u00e9ment \u00e0 l&rsquo;article 89, paragraphe 1, comme incompatible avec les finalit\u00e9s initiales (limitation des finalit\u00e9s) ;<\/li>\n \t<li value=\"3\">ad\u00e9quates, pertinentes et limit\u00e9es \u00e0 ce qui est n\u00e9cessaire au regard des finalit\u00e9s pour lesquelles elles sont trait\u00e9es (minimisation des donn\u00e9es) ;<\/li>\n \t<li value=\"4\">exactes et, si n\u00e9cessaire, tenues \u00e0 jour; toutes les mesures raisonnables doivent \u00eatre prises pour que les donn\u00e9es \u00e0 caract\u00e8re personnel qui sont inexactes, eu \u00e9gard aux finalit\u00e9s pour lesquelles elles sont trait\u00e9es, soient effac\u00e9es ou rectifi\u00e9es sans tarder (exactitude) ;<\/li>\n \t<li value=\"5\">conserv\u00e9es sous une forme permettant l&rsquo;identification des personnes concern\u00e9es pendant une dur\u00e9e n&rsquo;exc\u00e9dant pas celle n\u00e9cessaire au regard des finalit\u00e9s pour lesquelles elles sont trait\u00e9es; les donn\u00e9es \u00e0 caract\u00e8re personnel peuvent \u00eatre conserv\u00e9es pour des dur\u00e9es plus longues dans la mesure o\u00f9 elles seront trait\u00e9es exclusivement \u00e0 des fins archivistiques dans l&rsquo;int\u00e9r\u00eat public, \u00e0 des fins de recherche scientifique ou historique ou \u00e0 des fins statistiques conform\u00e9ment \u00e0 l&rsquo;article 89, paragraphe 1, pour autant que soient mises en \u0153uvre les mesures techniques et organisationnelles appropri\u00e9es requises par le r\u00e8glement afin de garantir les droits et libert\u00e9s de la personne concern\u00e9e (limitation de la conservation) ;<\/li>\n \t<li value=\"6\">trait\u00e9es de fa\u00e7on \u00e0 garantir une s\u00e9curit\u00e9 appropri\u00e9e des donn\u00e9es \u00e0 caract\u00e8re personnel, y compris la protection contre le traitement non autoris\u00e9 ou illicite et contre la perte, la destruction ou les d\u00e9g\u00e2ts d&rsquo;origine accidentelle, \u00e0 l&rsquo;aide de mesures techniques ou organisationnelles appropri\u00e9es (int\u00e9grit\u00e9 et confidentialit\u00e9).<\/li>\n<\/ol>\nLe traitement n&rsquo;est licite que si, et dans la mesure o\u00f9, au moins une des conditions suivantes est remplie :\n<ol start=\"1\">\n \t<li value=\"1\">la personne concern\u00e9e a consenti au traitement de ses donn\u00e9es \u00e0 caract\u00e8re personnel pour une ou plusieurs finalit\u00e9s sp\u00e9cifiques ;<\/li>\n \t<li value=\"2\">le traitement est n\u00e9cessaire \u00e0 l&rsquo;ex\u00e9cution d&rsquo;un contrat auquel la personne concern\u00e9e est partie ou \u00e0 l&rsquo;ex\u00e9cution de mesures pr\u00e9contractuelles prises \u00e0 la demande de celle-ci ;<\/li>\n \t<li value=\"3\">le traitement est n\u00e9cessaire au respect d&rsquo;une obligation l\u00e9gale \u00e0 laquelle le responsable du traitement est soumis ;<\/li>\n \t<li value=\"4\">le traitement est n\u00e9cessaire \u00e0 la sauvegarde des int\u00e9r\u00eats vitaux de la personne concern\u00e9e ou d&rsquo;une autre personne physique ;<\/li>\n \t<li value=\"5\">le traitement est n\u00e9cessaire \u00e0 l&rsquo;ex\u00e9cution d&rsquo;une mission d&rsquo;int\u00e9r\u00eat public ou relevant de l&rsquo;exercice de l&rsquo;autorit\u00e9 publique dont est investi le responsable du traitement ;<\/li>\n \t<li value=\"6\">le traitement est n\u00e9cessaire aux fins des int\u00e9r\u00eats l\u00e9gitimes poursuivis par le responsable du traitement ou par un tiers, \u00e0 moins que ne pr\u00e9valent les int\u00e9r\u00eats ou les libert\u00e9s et droits fondamentaux de la personne concern\u00e9e qui exigent une protection des donn\u00e9es \u00e0 caract\u00e8re personnel, notamment lorsque la personne concern\u00e9e est un enfant.<\/li>\n<\/ol>\nPour les r\u00e9sidents de l\u2019\u00c9tat de Californie, cette politique de confidentialit\u00e9 vise \u00e0 se conformer \u00e0 la\u00a0<em>California Consumer Privacy Act (CCPA)<\/em>. S\u2019il y a des incoh\u00e9rences entre ce document et la\u00a0<em>CCPA<\/em>, la l\u00e9gislation de l\u2019\u00c9tat s\u2019appliquera. Si nous constatons des incoh\u00e9rences, nous modifierons notre politique pour nous conformer \u00e0 la loi pertinente.\n\n<\/div>\n<div>\n\n<strong><u>Consentement<\/u><\/strong>\n\nLes utilisateurs conviennent qu\u2019en utilisant notre site, ils consentent \u00e0 :\n<ol start=\"1\">\n \t<li value=\"1\">les conditions \u00e9nonc\u00e9es dans la pr\u00e9sente politique de confidentialit\u00e9 et<\/li>\n \t<li value=\"2\">la collecte, l\u2019utilisation et la conservation des donn\u00e9es \u00e9num\u00e9r\u00e9es dans la pr\u00e9sente politique.<\/li>\n<\/ol>\n<\/div>\n<div>\n\n<strong><u>Donn\u00e9es personnelles que nous collectons<\/u><\/strong>\n<div>\n<div>\n\n<strong>Donn\u00e9es collect\u00e9es automatiquement<\/strong>\n\nLorsque vous visitez et utilisez notre site, nous pouvons automatiquement recueillir et conserver les renseignements suivants :\n<ol start=\"1\">\n \t<li value=\"1\">Adresse IP<\/li>\n \t<li value=\"2\">Lieu<\/li>\n \t<li value=\"3\">D\u00e9tails mat\u00e9riels et logiciels<\/li>\n \t<li value=\"4\">Liens un utilisateur clique tout en utilisant le site<\/li>\n \t<li value=\"5\">Contenu que l\u2019utilisateur consulte sur votre site<\/li>\n<\/ol>\n<\/div>\n<div>\n\n<strong>Donn\u00e9es recueillies de fa\u00e7on non automatique<\/strong>\n\nNous pouvons \u00e9galement collecter les donn\u00e9es suivantes lorsque vous effectuez certaines fonctions sur notre site\u00a0:\n<ol start=\"1\">\n \t<li value=\"1\">Pr\u00e9nom et nom<\/li>\n \t<li value=\"2\">\u00c2ge<\/li>\n \t<li value=\"3\">Date de naissance<\/li>\n \t<li value=\"4\">Email<\/li>\n \t<li value=\"5\">Num\u00e9ro de t\u00e9l\u00e9phone<\/li>\n \t<li value=\"6\">Domicile<\/li>\n \t<li value=\"7\">Donn\u00e9es de remplissage automatique<\/li>\n<\/ol>\nCes donn\u00e9es peuvent \u00eatre recueillies au moyen des m\u00e9thodes suivantes\u00a0:\n\nEnregistrement d&rsquo;un compte\n\n<\/div>\nVeuillez noter que nous ne collectons que les donn\u00e9es qui nous aident \u00e0 atteindre l\u2019objectif \u00e9nonc\u00e9 dans cette politique de confidentialit\u00e9. Nous ne recueillerons pas de donn\u00e9es suppl\u00e9mentaires sans vous en informer au pr\u00e9alable.\n\n<\/div>\n<\/div>\n<div>\n\n<strong><u>Comment nous utilisons les donn\u00e9es personnelles<\/u><\/strong>\n\nLes donn\u00e9es personnelles recueillies sur notre site seront utilis\u00e9es uniquement aux fins pr\u00e9cis\u00e9es dans la pr\u00e9sente politique ou indiqu\u00e9es sur les pages pertinentes de notre site. Nous n\u2019utiliserons pas vos donn\u00e9es au-del\u00e0 de ce que nous divulguerons.\n<div>\n\nLes donn\u00e9es que nous recueillons automatiquement sont utilis\u00e9es aux fins suivantes\u00a0:\n<ol start=\"1\">\n \t<li value=\"1\">Statistiques<\/li>\n<\/ol>\n<\/div>\n<div>\n\nLes donn\u00e9es que nous recueillons lorsque l\u2019utilisateur ex\u00e9cute certaines fonctions peuvent \u00eatre utilis\u00e9es aux fins suivantes\u00a0:\n<ol start=\"1\">\n \t<li value=\"1\">Commande en ligne<\/li>\n<\/ol>\n<\/div>\n<\/div>\n<div>\n\n<strong><u>Avec qui nous partageons les donn\u00e9es personnelles<\/u><\/strong>\n<div>\n\n<strong>Employ\u00e9s<\/strong>\nNous pouvons divulguer \u00e0 tout membre de notre organisation les donn\u00e9es utilisateur dont il a raisonnablement besoin pour r\u00e9aliser les objectifs \u00e9nonc\u00e9s dans la pr\u00e9sente politique.\n\n<\/div>\n<div>\n\n<strong>Tierces parties<\/strong>\nNous pouvons partager les donn\u00e9es utilisateur avec les tiers suivants\u00a0:\n\nNous pouvons partager les donn\u00e9es utilisateur avec des tiers aux fins suivantes\u00a0:\n\nLes tiers ne seront pas en mesure d\u2019acc\u00e9der aux donn\u00e9es des utilisateurs au-del\u00e0 de ce qui est raisonnablement n\u00e9cessaire pour atteindre l\u2019objectif donn\u00e9.\n\n<\/div>\n<div>\n\n<strong>Autres divulgations<\/strong>\nNous nous engageons \u00e0 ne pas vendre ou partager vos donn\u00e9es avec des tiers, sauf dans les cas suivants\u00a0:\n<ol start=\"1\">\n \t<li value=\"1\">si la loi l&rsquo;exige<\/li>\n \t<li value=\"2\">si elle est requise pour toute proc\u00e9dure judiciaire<\/li>\n \t<li value=\"3\">pour prouver ou prot\u00e9ger nos droits l\u00e9gaux<\/li>\n \t<li value=\"4\">\u00e0 des acheteurs ou des acheteurs potentiels de cette soci\u00e9t\u00e9 dans le cas o\u00f9 nous cherchons \u00e0 la vendre la soci\u00e9t\u00e9<\/li>\n<\/ol>\nSi vous suivez des hyperliens de notre site vers un autre site, veuillez noter que nous ne sommes pas responsables et n\u2019avons pas de contr\u00f4le sur leurs politiques et pratiques de confidentialit\u00e9.\n\n<\/div>\n<\/div>\n<div>\n\n<strong><u>Combien de temps nous stockons les donn\u00e9es personnelles<\/u><\/strong>\n\nNous ne conservons pas les donn\u00e9es des utilisateurs au-del\u00e0 de ce qui est n\u00e9cessaire pour atteindre les fins pour lesquelles elles sont recueillies.\n\n<\/div>\n<div>\n\n<strong><u>Comment nous prot\u00e9geons vos donn\u00e9es personnelles<\/u><\/strong>\n\nAfin d\u2019assurer la protection de vos donn\u00e9es, nous utilisons de protocoles de s\u00e9curit\u00e9 strictes via les outils d&rsquo;analyse Google Analytics et Google Search Console ainsi que Stripe pour les commandes en ligne. L&rsquo;acc\u00e8s \u00e0 ces donn\u00e9es est priv\u00e9 et inaccessible par des tiers.\n\nAlors que nous prenons toutes les pr\u00e9cautions raisonnables pour nous assurer que nos donn\u00e9es d\u2019utilisateur sont s\u00e9curis\u00e9es et que les utilisateurs sont prot\u00e9g\u00e9s, il reste toujours du risque de pr\u00e9judice. L\u2019Internet en sa totalit\u00e9 peut \u00eatre, parfois, peu s\u00fbr et donc nous sommes incapables de garantir la s\u00e9curit\u00e9 des donn\u00e9es des utilisateurs au-del\u00e0 de ce qui est raisonnablement pratique.\n\n<\/div>\n<div>\n\n<strong><u>Mineurs<\/u><\/strong>\n\nLe RGPD pr\u00e9cise que les personnes de moins de 15 ans sont consid\u00e9r\u00e9es comme des mineurs aux fins de la collecte de donn\u00e9es. Les mineurs doivent avoir le consentement d\u2019un repr\u00e9sentant l\u00e9gal pour que leurs donn\u00e9es soient recueillies, trait\u00e9es et utilis\u00e9es.\n\n<\/div>\n<div>\n\n<strong><u>Vos droits en tant qu\u2019utilisateur<\/u><\/strong>\n<div>\n\nEn vertu du RGPD, les utilisateurs ont les droits suivants en tant que personnes concern\u00e9es :\n<ol start=\"1\">\n \t<li value=\"1\">droit d\u2019acc\u00e8s<\/li>\n \t<li value=\"2\">droit de rectification<\/li>\n \t<li value=\"3\">droit \u00e0 l\u2019effacement<\/li>\n \t<li value=\"4\">droit de restreindre le traitement<\/li>\n \t<li value=\"5\">droit \u00e0 la portabilit\u00e9 des donn\u00e9es<\/li>\n \t<li value=\"6\">droit d&rsquo;objection<\/li>\n<\/ol>\nVous trouverez de plus amples informations sur ces droits au chapitre 3 (art 12-23) du RGPD.\n\n<\/div>\n<\/div>\n<div>\n\n<strong><u>Comment modifier, supprimer ou contester les donn\u00e9es recueillies<\/u><\/strong>\n\nSi vous souhaitez que vos renseignements soient supprim\u00e9s ou modifi\u00e9s d\u2019une fa\u00e7on ou d\u2019une autre, veuillez communiquer avec notre agent de protection de la vie priv\u00e9e ici :\n\n__________\n\n<\/div>\n<div>\n\n<strong><u>Politique sur les cookies<\/u><\/strong>\n\nUn cookie est un petit fichier, stock\u00e9 sur le disque dur d\u2019un utilisateur par le site Web. Son but est de recueillir des donn\u00e9es relatives aux habitudes de navigation de l\u2019utilisateur.\n\nNous utilisons les types de cookies suivants sur notre site\u00a0:\n<ol start=\"1\">\n \t<li value=\"1\"><strong>Cookies analytiques<\/strong>\nCela nous permet d\u2019am\u00e9liorer la conception et la fonctionnalit\u00e9 de notre site en recueillant des donn\u00e9es sur le contenu auquel vous acc\u00e9dez et sur lequel vous vous accrochez en utilisant notre site.<\/li>\n<\/ol>\nVous pouvez choisir d\u2019\u00eatre averti chaque fois qu\u2019un cookie est transmis. Vous pouvez \u00e9galement choisir de d\u00e9sactiver les cookies enti\u00e8rement dans votre navigateur Internet, mais cela peut diminuer la qualit\u00e9 de votre exp\u00e9rience d\u2019utilisation.\n\n<\/div>\n<div>\n\n<strong><u>Cookies tiers<\/u><\/strong>\n\nNous pouvons utiliser des cookies tiers sur notre site pour atteindre les objectifs suivants\u00a0:\n<ol start=\"1\">\n \t<li value=\"1\">Offrir une exp\u00e9rience utilisateur optimale et personnalis\u00e9e<\/li>\n<\/ol>\n<\/div>\n<div>\n\n<strong><u>Modifications<\/u><\/strong>\n\nCette politique de confidentialit\u00e9 peut \u00eatre modifi\u00e9e \u00e0 l\u2019occasion afin de maintenir la conformit\u00e9 avec la loi et de tenir compte de tout changement \u00e0 notre processus de collecte de donn\u00e9es. Nous recommandons \u00e0 nos utilisateurs de v\u00e9rifier notre politique de temps \u00e0 autre pour s\u2019assurer qu\u2019ils soient inform\u00e9s de toute mise \u00e0 jour. Au besoin, nous pouvons informer les utilisateurs par courriel des changements apport\u00e9s \u00e0 cette politique.\n\n<\/div>\n<div>\n\n<strong><u>Contact<\/u><\/strong>\n\nSi vous avez des questions \u00e0 nous poser, n\u2019h\u00e9sitez pas \u00e0 communiquer avec nous en utilisant ce qui suit\u00a0:\n01 34 69 47 97\nparisnord@misterfap.fr\n<span style=\"color: #0c0d10; font-family: Lato; font-size: 14px;\">2 BD D ARCOLE 95290 L&rsquo;ISLE ADAM<\/span>\n\n<\/div>\t\t\t\t\t\t\t<\/div>\r\n\t\t\t\t\t\t\t\t\t\t<\/div>\n\t\t\t\t<\/div>\n\t\t\t\t\t<\/div>\n\t\t<\/div>\n\t\t\t\t\t<\/div><\/div>\r\n\t\t<\/section>\r\n\t\t\t\t<\/div>\n\t\t","protected":false},"excerpt":{"rendered":"<p>POLITIQUE DE CONFIDENTIALIT\u00c9 ET COOKIES www.misterfap.fr\/paris\/ RS PERFORMANCE Type de site\u00a0: e-commerce Le but de cette politique de confidentialit\u00e9 Le&#8230;<\/p>\n","protected":false},"author":3,"featured_media":0,"parent":0,"menu_order":0,"comment_status":"closed","ping_status":"closed","template":"page-fullwidth.php","meta":{"footnotes":""},"class_list":["post-7774","page","type-page","status-publish"],"_links":{"self":[{"href":"https:\/\/misterfap.fr\/paris\/wp-json\/wp\/v2\/pages\/7774","targetHints":{"allow":["GET"]}}],"collection":[{"href":"https:\/\/misterfap.fr\/paris\/wp-json\/wp\/v2\/pages"}],"about":[{"href":"https:\/\/misterfap.fr\/paris\/wp-json\/wp\/v2\/types\/page"}],"author":[{"embeddable":true,"href":"https:\/\/misterfap.fr\/paris\/wp-json\/wp\/v2\/users\/3"}],"replies":[{"embeddable":true,"href":"https:\/\/misterfap.fr\/paris\/wp-json\/wp\/v2\/comments?post=7774"}],"version-history":[{"count":4,"href":"https:\/\/misterfap.fr\/paris\/wp-json\/wp\/v2\/pages\/7774\/revisions"}],"predecessor-version":[{"id":7778,"href":"https:\/\/misterfap.fr\/paris\/wp-json\/wp\/v2\/pages\/7774\/revisions\/7778"}],"wp:attachment":[{"href":"https:\/\/misterfap.fr\/paris\/wp-json\/wp\/v2\/media?parent=7774"}],"curies":[{"name":"wp","href":"https:\/\/api.w.org\/{rel}","templated":true}]}}